 x and 352?
22
Let h be (-22)/(6/3) + 2. Let j = h + 21. What is the greatest common factor of 8 and j?
4
Let b(q) = q**2 + 4*q - 54. Let l be b(-13). What is the greatest common divisor of l and 28?
7
Suppose -2*k = -172 - 20. Suppose 7*f - 10*f = -36. What is the greatest common divisor of f and k?
12
Suppose -4*t + 254 = m + m, -448 = -4*m + 4*t. Let y be (-13)/12*4*-9. What is the highest common divisor of y and m?
39
Suppose -11*h - 2087 = -12*h - 4*i, -3*h - i + 6206 = 0. What is the highest common divisor of h and 13?
13
Let l be (0 - (-32)/20 - -5)*5. Calculate the greatest common divisor of l and 88.
11
Let i = 182 - -52. Calculate the highest common divisor of 36 and i.
18
Let r = 11 + -10. Let y(q) = -175*q**2 - 2*q + 1. Let p be y(r). Let u = p - -304. Calculate the greatest common factor of 16 and u.
16
Let o(w) = -2*w - 4. Let h be o(-3). Let v be (11 + -10)/(h/114). What is the highest common divisor of 38 and v?
19
Suppose 78 = -70*g + 72*g. Calculate the greatest common factor of g and 507.
39
Let t = 2637 + -2636. What is the highest common divisor of t and 226?
1
Suppose -z + 24 - 15 = 0. Suppose z*a - 13*a = -8. Suppose 3*w = a*m - 4*m + 306, 2*w + 4*m - 212 = 0. Calculate the highest common factor of w and 20.
20
Suppose 4*p + p = 175. Calculate the greatest common factor of p and 1.
1
Suppose j + 129 = 3*g, -4*j - 138 = 3*g - 6*g. What is the highest common factor of g and 42?
42
Suppose 0 = -4*y - 0*y + 420. What is the greatest common factor of 15 and y?
15
Let r be 386/4 - 2/(-12)*3. Suppose 6*q = q - u + r, 0 = -5*q - 5*u + 85. What is the greatest common divisor of q and 8?
4
Suppose 5*c + 275 = -5*s, -2*s + s + 4*c - 65 = 0. Let g = 59 + s. What is the highest common factor of 1 and g?
1
Let t = 237 + -206. Calculate the greatest common factor of t and 806.
31
Let q be (-2)/5 - 324/(-10). Let m = q + -17. Let g be ((-220)/6)/(8/(-36)). Calculate the highest common divisor of g and m.
15
Let w(b) be the first derivative of 3 + 19/2*b**2 - 3*b. Let i be w(2). What is the greatest common divisor of 14 and i?
7
Suppose 147*v = 142*v + 75. What is the greatest common divisor of v and 165?
15
Suppose 0 = -5*g - 5*s - 20, 2*g + 2*g + 24 = -2*s. Let y = g - -32. Suppose -5*v + 13 = -2. Calculate the greatest common factor of v and y.
3
Suppose 0*x = -4*v + 5*x + 26, -4*v + 4*x + 24 = 0. What is the greatest common divisor of v and 6?
2
Suppose -571 = -2*a + 763. Calculate the highest common factor of a and 23.
23
Let x(v) = 2*v**3 - 3*v**2 - 33*v + 10. Let a be x(6). Calculate the highest common divisor of a and 34.
34
Let v = 1694 + -1689. Suppose 2*c - 2 = -0*y + 2*y, y + 13 = 5*c. Calculate the highest common divisor of v and c.
1
Let m = 72 - 68. Suppose m*z - 33 = 15. Suppose 0 = -n - 2*a + 42, 8*n - 186 = 3*n - 2*a. Calculate the highest common divisor of n and z.
12
Suppose 0 = -5*z + 279 + 711. Suppose 5*d + 4*d - z = 0. Let o(u) = 3*u**2 + 2. Let k be o(6). Calculate the greatest common divisor of d and k.
22
Let k = -11 - -12. Suppose 0 = 3*g - 3 + 9. Let r be 1/g*70/(-5). Calculate the greatest common factor of r and k.
1
Suppose 5*c = 3*y - 15 - 29, 2*y - 4*c - 30 = 0. Let w = y - 1. Let a be ((-68)/(-24) - 3) + (-38)/(-12). Calculate the highest common factor of a and w.
3
Let m = -249 + 301. Calculate the greatest common factor of m and 572.
52
Let p(g) = 8*g**3 - 5*g**2 + 3*g - 3. Let m be p(3). Let u = -61 + m. Calculate the highest common divisor of 29 and u.
29
Suppose -4*q = -5*u + 3249, -2*q - 333 = -u + 318. Calculate the highest common divisor of u and 59.
59
Suppose -26*n + 45045 = 179*n + 8145. Let u(w) = -6*w - 6. Let f be u(-7). Calculate the greatest common divisor of f and n.
36
Let o(q) = 62 + q - 68 - 8*q**3 + q**2 - 2*q + 0*q**2. Let y be o(-2). Calculate the highest common divisor of 16 and y.
16
Suppose 0 = 13*z - 511 - 1244. What is the highest common divisor of z and 18?
9
Let v be (4 + -2)*(-75)/(-30). Suppose -152 = -3*k - 5*z, v*k = 4*k - 4*z + 60. What is the highest common divisor of k and 66?
22
Suppose -4*s + 51 = 5*m, -m - 2*m + 27 = 2*s. Let a = 16 - 10. Let c = 66 + a. Calculate the highest common factor of c and s.
9
Let f(u) = -u**3 - 4*u**2 - u - 17. Let m be f(-5). Let v = 0 + 3. Suppose -715 = -v*s - 2*s. Calculate the highest common factor of m and s.
13
Suppose 0 = -0*o + 5*o - 5*l, -28 = 2*o + 5*l. Let s be (-79)/o - 18/24. Calculate the highest common divisor of 19 and s.
19
Let n(f) = -6*f - 11. Let i be n(-4). Suppose -6*u - i = -7*u. What is the highest common divisor of 143 and u?
13
Let w = 144 - 108. Suppose 8*b = 5*b + w. Calculate the greatest common divisor of 60 and b.
12
Let a be 4/(-30) + 20817/1215. Calculate the highest common factor of a and 595.
17
Suppose 80*c = 75*c + 220. What is the highest common divisor of 22 and c?
22
Suppose -367 = -l - 5*z, -4*l - 2*z + 1343 = -7*z. Calculate the highest common factor of l and 38.
38
Let b = -154 + 91. Let h be (-3)/7 + (-531)/b. Let a(i) = i**2 - 3*i. Let s be a(-8). What is the greatest common factor of s and h?
8
Suppose -2*t = -4*x + 282, -5*x + t + 376 = 19. Let c(m) = -m**3 + 5*m**2 + 7*m + 3. Let a be c(6). What is the highest common factor of x and a?
9
Let n = 78 + 21. Suppose -4*b + v = -36, -4*b + 3*v = -2*v - 36. What is the greatest common divisor of b and n?
9
Let b be (11/3 - (-5)/15) + -1. Let u be ((-1)/(-2))/(2/76). Let s = u + -7. Calculate the greatest common factor of b and s.
3
Suppose -5*k - 15 = -20. Let o be (3/k)/(48/64). Calculate the highest common divisor of 52 and o.
4
Suppose -a + 2 + 1 = 0. Suppose -6*z + z + 504 = 2*x, a*x - 756 = -z. What is the greatest common factor of 28 and x?
28
Let n = 957 - 902. Calculate the greatest common divisor of 35 and n.
5
Let l(v) = 6*v**2 + 2*v + 6. Let d be l(-6). Let q = -19 + 28. Let s(j) = 6*j - 24. Let a be s(q). Calculate the greatest common factor of a and d.
30
Let w be (-858)/(-6) - 4/(-6)*-3. Let c = 13 + w. What is the highest common factor of 14 and c?
14
Suppose -177 + 789 = 12*h. Let g = 60 - h. What is the greatest common divisor of g and 81?
9
Suppose 8 = 3*i - 7. Suppose g = 4*g - 5*a - 79, -g = i*a - 53. Calculate the highest common factor of g and 231.
33
Let q(b) = 23*b**2 + 2*b - 4. Let m be q(3). Suppose 2*w + u = 7*w - 93, -u = -2. Calculate the greatest common divisor of w and m.
19
Let c(j) be the first derivative of -4*j**2 + 54*j - 31. Let r be c(6). Calculate the greatest common divisor of r and 6.
6
Let f(y) = -10*y + 281. Let p be f(12). What is the highest common factor of p and 368?
23
Suppose 4*d + 30 = 6*d. Let k(i) = 8*i + 283. Let r be k(-35). Calculate the greatest common divisor of d and r.
3
Let l(p) be the first derivative of 4*p**3/3 + 3*p**2/2 + 6*p + 5. Let a be l(-2). What is the highest common factor of a and 24?
8
Let y be -1 - -4 - (-18)/(-3). Let r(b) = -34*b + 6. Let s be r(y). What is the highest common divisor of 36 and s?
36
Suppose -4*q - 293 = 3*n, n + 0*q + 100 = q. Let f be 2/11 + n/(-121). What is the highest common divisor of f and 2?
1
Let p be ((-12)/(-10))/(3/10). Let u be 11 + -14 + p/2. Let b be ((-150)/18)/(u/21). What is the highest common divisor of 25 and b?
25
Let i be -3*48/36 + 1*5. Calculate the highest common factor of i and 27.
1
Let g(o) = -o**2 - 56*o + 24 - 53*o + 101*o. Let n be g(-6). What is the highest common factor of 126 and n?
18
Let l = -920 - -944. What is the highest common divisor of l and 12?
12
Let d be 8/(-2) - 36/(-4). Suppose 75 = 4*a - m, 0 = -d*a - m - 8 + 113. Calculate the highest common divisor of a and 160.
20
Let i(s) = -2*s - 6. Let w be i(-4). Let n be 2 + (w + -3 - -76). Calculate the highest common divisor of n and 7.
7
Let u = -911 + 937. Calculate the greatest common divisor of u and 351.
13
Let n(g) = -58*g**2 + 12 + 58*g**2 - 11*g**3 + 10*g**3. Let w be n(-4). What is the highest common factor of w and 57?
19
Suppose -11*a - 5*w = -8*a - 620, -5*a + 2*w = -992. What is the highest common factor of a and 8?
8
Let d be ((-11745)/58)/(1/(-2) - 0). What is the highest common divisor of 180 and d?
45
Suppose 0 = -3*z + 3*d + 75, -z + 4*d - 11 = -39. What is the highest common factor of 40 and z?
8
Suppose 0*k + 36 = k. Suppose 0*v - k = -2*v